 37
List the prime factors of 55/11 + 6/(-3).
3
Suppose 0 = -4*z + 9 + 19. Suppose z*y - 2*y = 240. List the prime factors of y.
2, 3
Let r = 393 - -471. What are the prime factors of r?
2, 3
Let i = 21 + -12. Let y be (-54)/30*(-80)/3. Let d = y - i. List the prime factors of d.
3, 13
Let t be (88/33)/(4/6). Suppose -u - 209 = -4*b, t*b + 3*u + 97 = 6*b. What are the prime factors of b?
53
Let k = -35 - -37. Suppose 5*d - 2*a = -7*a + 315, -5*d + 308 = -k*a. List the prime factors of d.
2, 31
Let w = -951 + 1084. What are the prime factors of w?
7, 19
Suppose -3*v + 1933 + 743 = 0. Suppose -5*i = -298 - v. List the prime factors of i.
2, 7, 17
Suppose b + 18 - 2 = -3*w, 5*w - 47 = 4*b. Let u = b - -32. List the prime factors of u.
19
Suppose 5*l - 135 = -5*m - 40, 5*l + 3*m = 89. Let t be -4 - -36*((-3)/(-2) + -1). Suppose -t*f - 72 = -l*f. What are the prime factors of f?
2, 3
Suppose 5*q = -5*n + 1910, -7*n + 6*n + 388 = -2*q. List the prime factors of n.
2, 3
Let r(f) = f**2 - 2*f - 18. Let i be r(-8). What are the prime factors of (-3)/(1 - 65/i)?
2, 31
Let a = 632 - 70. Let y = a + -368. List the prime factors of y.
2, 97
Let a(b) = b**2 - 7*b - 4. Let q be a(7). List the prime factors of (3 + q)/(2/(-66)).
3, 11
Suppose 0 = -4*p - 4*x + 344, 0 = -2*p - x + 71 + 105. Suppose 2*b - p = -4*w, 2*b + 10 = -w + 106. What are the prime factors of b?
7
Let p(n) be the second derivative of -n**4/12 + 37*n**3/6 + 77*n**2/2 + 26*n. List the prime factors of p(32).
3, 79
Suppose g + 3*y = -2*y + 1499, 0 = 4*y - 4. List the prime factors of g.
2, 3, 83
Suppose -4*h + 3*s = -24, 5 = 2*h - s - 5. Suppose 4*a + 5*u - 129 = 335, 0 = -h*a + 4*u + 379. What are the prime factors of a?
11
Let u(w) = -w**2 - 28*w - 18. Suppose n - 47 = 2*k, 0*k + 3*n - 95 = 4*k. What are the prime factors of u(k)?
97
Let y = -2976 - -4234. What are the prime factors of y?
2, 17, 37
Let j = 10 - 15. Let v be (-28)/(-14) + 18*1. What are the prime factors of j/(v/(-88)) + 3?
5
Let j be (-6918)/5 - (-5)/(-75)*6. List the prime factors of ((-1)/(-2))/((-4)/j).
173
Let j be 0*(2 + (-7)/4). Suppose j = -6*v - 280 + 52. Let z = 59 + v. List the prime factors of z.
3, 7
List the prime factors of (268/6)/(33/297).
2, 3, 67
Let h be (-14)/56 - 34/(-8). Suppose t + 4 = h*b + 3*t, -20 = 5*t. Suppose -3*g = -0*y - 5*y - 57, 0 = -g - b*y + 5. What are the prime factors of g?
2, 7
Suppose 4*h = -4*h + 32. Suppose -r - h*r + 225 = 0. List the prime factors of r.
3, 5
Suppose -3*l - 385 + 1045 = 0. Suppose l = -i + 6*i. Suppose -9*b + 11*b = i. What are the prime factors of b?
2, 11
Let v = 15 - 10. Suppose -v*f - 56 - 69 = 0. Let r = f - -47. List the prime factors of r.
2, 11
Suppose 3*a + 5*n + 2 = -11, -2*a = -2*n - 2. Suppose -5*k = 5, 2*r + 2*k + 0*k = -2. What are the prime factors of a + (-1 - r) + 20?
2, 3
Let u(h) = 1. Let j(v) = -v - 4. Let q(c) = -j(c) + 3*u(c). Let s be 4/(-26) + (-1272)/(-156). What are the prime factors of q(s)?
3, 5
Suppose 16 = 9*q - q. Suppose -y - q*y = -2*k - 279, -2*k = y - 101. List the prime factors of y.
5, 19
Suppose 11*v + 26*v - 27898 = 0. List the prime factors of v.
2, 13, 29
Let w(n) = -12*n - 18. Let g(i) = i + 1. Let h(x) = 9*g(x) + w(x). Let z be h(-5). Let u(s) = 2*s**2 - 5*s + 10. List the prime factors of u(z).
2, 13
Let c(a) be the second derivative of -a**5/20 + 7*a**4/12 - 2*a**3/3 + 3*a**2/2 + 10*a. Suppose -2*v + 4*v = 6. List the prime factors of c(v).
3
Let d be ((-69)/5 + 0)*-5. Suppose -g = n - d, 2*n + 33 = g + 174. Let c = -42 + n. What are the prime factors of c?
2, 7
Let q = -1593 - -2511. List the prime factors of q.
2, 3, 17
Let s = 30 + 107. List the prime factors of s.
137
Suppose 3*n - 3*w - 84 = 0, -76 = -2*n + 4*w - 16. Suppose -n = -k + f, f - 3 - 13 = -k. What are the prime factors of k?
3, 7
Suppose b = 4*w - 1441, -w + 0*w - 4*b = -373. Suppose -3*f = 2*f + 5, 4*t = f + w. What are the prime factors of t?
2, 3, 5
Suppose -2*q = -6*q + 2*r + 54, 3*r = -4*q + 79. Suppose 13*f + 84 = q*f. List the prime factors of f.
2, 7
Suppose -2*h + 6 = -4*z - 8, 5*h - 53 = 4*z. Suppose h - 5 = 2*u. Suppose -u*p = 3*l - 7*l + 200, 0 = -2*p - 8. List the prime factors of l.
2, 23
Let o(i) = -3*i + 1. Let n(d) = 10*d. Let w be n(-1). What are the prime factors of o(w)?
31
Let g(i) = -3*i + 11. Let t be g(8). Let y = -28 + t. Let h = y - -73. What are the prime factors of h?
2
Let m = 54 - 55. Let f(r) = 94*r**2 - 3*r - 4. What are the prime factors of f(m)?
3, 31
Let o(g) = 16*g**2 + 36. List the prime factors of o(-8).
2, 5, 53
Let w(t) = -326*t + 8. Let k be w(-1). Let s = k - 221. What are the prime factors of s?
113
What are the prime factors of 649 - (-1)/((-3)/12)?
3, 5, 43
What are the prime factors of -3*(5472/(-27) - -5)?
593
Let z(l) be the third derivative of 0 + 3/2*l**3 - 1/120*l**6 - 1/12*l**5 + 1/12*l**4 + 0*l - l**2. List the prime factors of z(-6).
3, 11
Let k = 0 - -3. Let t(j) = j**2 + 2*j - 5. What are the prime factors of t(k)?
2, 5
Let a(j) = j**3 - 10*j**2 + 4*j - 10. Let o be a(10). Let s be (8/10)/(3/o). What are the prime factors of s/(-6)*99/(-6)?
2, 11
Let i(x) = -x**3 + 4*x**2 + 3. Let f be i(4). Suppose -f*v = 3*u - 6, -4*u - v + 0 + 2 = 0. Suppose u = -r + 26 - 3. List the prime factors of r.
23
Let b(q) = -15 - 62*q**2 + 63*q**2 + 5 - q**3 - 6*q. Let w be b(-4). Let k = w - 35. What are the prime factors of k?
59
Suppose -121*z + 12810 = -114*z. List the prime factors of z.
2, 3, 5, 61
Let p = -9 - -15. Suppose -2*s + p = -0*s. Suppose 0 = -s*u + 6. What are the prime factors of u?
2
Let h(j) = 28*j + 23. What are the prime factors of h(5)?
163
Suppose -3*a = -3*x - 501, 4*x = 5*a + 5*x - 847. List the prime factors of a.
13
Let v(c) = 105*c**2 + 3*c - 5. What are the prime factors of v(2)?
421
Suppose 4*l - 4146 = -2*v, 4*l = -0*l + 5*v + 4111. What are the prime factors of l?
2, 11, 47
Suppose 4*l - 11*l + 14 = 0. Suppose -375 = -5*d + l*d. List the prime factors of d.
5
Suppose -2*s + 11 = r - 4*s, -3*r = -2*s - 21. Suppose -r = -5*u + 5. Suppose -u*g + 80 = -4. List the prime factors of g.
2, 3, 7
Let u = 8 - 4. Suppose -u = -3*v + 14. Suppose 3*f - 2*d = 53, f - 2*d = v + 5. List the prime factors of f.
3, 7
Let f be (-1)/(-2) - (-132)/8. Let l = 42 + f. List the prime factors of l.
59
Let n = -10 - -21. Suppose -o + 43 - n = 0. What are the prime factors of o?
2
Let y(b) = 41*b**2 - 40*b + 151. What are the prime factors of y(6)?
19, 73
Let o(y) = y**2 + 2*y - 4. Let w(m) = m - 6. Let k be w(0). What are the prime factors of o(k)?
2, 5
Suppose 4*i - 34 = 18. Let a = -7 + i. Suppose j = 14 + a. List the prime factors of j.
2, 5
Let u(h) = -h**3 + 22*h**2 + 83*h + 11. What are the prime factors of u(25)?
211
Let b = -107 - -182. What are the prime factors of b?
3, 5
Let h = 6669 - 4161. What are the prime factors of h?
2, 3, 11, 19
Suppose -3*w = -l + 1684, -3*l + 5*w = -2514 - 2526. List the prime factors of l.
5, 67
Let l = 230 - -46. Suppose c - 5*c + l = 0. What are the prime factors of c?
3, 23
Suppose 6*j - j - 8585 = -4*f, -4*f = 3*j - 5151. What are the prime factors of j?
17, 101
Let w(h) = -7*h**3 + 3*h**2 - h + 17. What are the prime factors of w(-4)?
11, 47
Let h be (58/(-4))/(9/(-36)). Suppose b - h = -b. List the prime factors of b.
29
Let u(g) = 12*g + 8. Let m be 148/15 + (8/(-15))/(-4). List the prime factors of u(m).
2
Suppose 4*f + b - 6558 = 0, 12*f - 3*b - 3286 = 10*f. List the prime factors of f.
2, 5, 41
Let r = -211 - -616. Let g = -8 - -13. Suppose -r = -g*b - 0*b. What are the prime factors of b?
3
List the prime factors of (-1 + 605)*42/56.
3, 151
Let f(b) = 85*b**3 - b**2. Let u be f(2). Suppose u = 14*m - m. What are the prime factors of m?
2, 13
Let u = -37 - -34. List the prime factors of (-363)/(-22)*(-4)/u.
2, 11
Suppose 99 = p - 0*p. Let a be (-4)/(-18) + 275/p. Suppose 5*z = -4*m + 2*z + 50, 46 = a*m - 2*z. What are the prime factors of m?
2, 7
Let m(b) = 7*b**2 + 32*b - 8. Let s(a) = 4*a**2 + 16*a - 4. Let k(z) = 3*m(z) - 5*s(z). What are the prime factors of k(-18)?
2
Let x be (8/(-4))/((-3)/30). Suppose -2*j - x = -5*j - 5*q, 11 = 3*j - 4*q. Suppose 0 = -j*v + 2*v + 54. What are the prime factors of v?
2, 3
Suppose 4*t + 2950 = 3*j, 4*j - 9*t + 8*t - 3955